1
Let z(s) = -s**2 - s. Let u be 2 + 3 + (-3)/3. Suppose -u*q = 3 + 1. Calculate z(q).
0
Let h(o) = 4*o + 6. Let m(j) = -23*j - 35. Let s(l) = 34*h(l) + 6*m(l). Let b = -16 + 11. What is s(b)?
4
Suppose 0 = 2*h - 4*x - 12, 12 = -h - 3*h - 4*x. Let o(z) be the second derivative of 1/6*z**3 + h*z**4 + 1/2*z**2 + 0 + z - 1/5*z**5. What is o(-1)?
4
Let t(n) = -4*n - 2. Let o(d) = -d + 8. Let x be o(5). Suppose 0*l = x*l - 6. What is t(l)?
-10
Let z(w) = -w**2 + 10*w - 11. Let m = -150 + 159. What is z(m)?
-2
Let r(f) be the first derivative of 3*f**3/2 - f**2/2 + f + 3. Let m(u) be the first derivative of r(u). What is m(1)?
8
Let h(g) be the third derivative of -g**5/120 - g**4/12 - g**3/6 + 5*g**2. Let t(z) be the first derivative of h(z). Determine t(4).
-6
Let a(d) = -d**2 - d + 2. Let m be (-5 + 0 + 3)/((-2)/(-5)). Determine a(m).
-18
Let d be 2/(-5)*(-35)/14. Let w(a) = 5*a - 1. Calculate w(d).
4
Let h(y) = -y - 2. Let w(l) be the second derivative of -l**3/6 - 3*l**2/2 - l. Let d be w(3). Determine h(d).
4
Let d be ((-6)/(-4))/(4/8). Let r(t) = -d*t - 1 + t - t. Let i(x) = 4*x + 1. Let o(j) = 5*i(j) + 7*r(j). Calculate o(0).
-2
Let m(y) = -12 - 10*y - y + 12*y. What is m(10)?
-2
Let s(c) = -10*c**2 - 3*c - 3. Let w(z) = -130*z**2 - 40*z - 40. Let v(d) = 40*s(d) - 3*w(d). Let q be -2*(0 + (-2)/(-4)). What is v(q)?
-10
Let c = -137 + 141. Let m(q) be the second derivative of 0 + 1/6*q**c + 1/3*q**3 - 4*q + 1/2*q**2 + 1/20*q**5. Determine m(-2).
-3
Let g(u) = u**2 + 2. Let p(r) = -r**2 + 1. Let m(z) = g(z) - p(z). Let b be 8/(-7) + 7/49. Give m(b).
3
Let u(d) = d - 9. Let v(b) = -b + 8. Let r be ((-7)/14)/((-2)/28). Let o(y) = r*v(y) + 6*u(y). Determine o(7).
-5
Let q(o) = o**2 - 6*o + 4. Let t(f) = -f - 5. Let b be t(-9). Calculate q(b).
-4
Suppose 5*s = -z - 0*z - 13, -3*s - z = 7. Let t(g) = 4*g + 4. Calculate t(s).
-8
Let y(x) = 7*x + 3 - 8*x + 0*x. Let h(a) = 4. Let g(l) = 3*h(l) - 4*y(l). Give g(2).
8
Suppose 4*k - 4*q - q = -16, 5*q - 20 = 0. Suppose k - 4 = -3*s. Let g(v) be the second derivative of -2*v**3/3 - v**2/2 - v. What is g(s)?
-5
Let t(b) be the first derivative of b**3/3 - 5*b**2/2 + 7. What is t(3)?
-6
Let s(f) = -4*f**2 - 1. Let a be (68/12 - 6) + 4/(-6). Calculate s(a).
-5
Let q(c) = c**3 - 4*c**2 + 2*c - 1. Suppose 4*d - 11 = 5. Determine q(d).
7
Let r(f) = -5*f**2 + 2*f - 2. Let u be r(1). Let i = -7 + 12. Let a(o) = 0 - 3*o**3 + i*o + 6*o**2 + 4*o**3 - 6. Calculate a(u).
-6
Let l(o) be the first derivative of -1/3*o**3 + 5/2*o**2 + 2 - 4*o. Let j(b) = b**3 + 8*b**2 - 7*b + 21. Let a be j(-9). Determine l(a).
2
Let t(q) = 4*q**2 + 8*q + 4. Let o(d) be the second derivative of -7*d**4/12 - 5*d**3/2 - 7*d**2/2 - 2*d. Let w(z) = -3*o(z) - 5*t(z). Give w(-3).
-5
Suppose 0 = 5*x - 2*x. Let m(l) = 0*l + x*l - 3*l + 4 + 2*l. Calculate m(5).
-1
Let v(g) = g**3 + 1. Let h be v(-1). Let o(y) = y + 3. Let b be o(h). Let x(l) = -1 + 1 + 3*l**b - 5*l**3 + l. Give x(-1).
1
Let b be 60/18 - 1/3. Let f = -6 + b. Let i(k) = -k**2 - k - 1. Calculate i(f).
-7
Suppose 4*t + 1 = -k + 20, 2*t = -2*k + 8. Let q(i) = -2*i - 1. Let o(h) = 1. Let r(j) = k*q(j) + 2*o(j). What is r(-5)?
-7
Let o be ((-10)/6)/(2/6). Let v(k) be the third derivative of k**5/60 + k**4/6 + 5*k**2. Give v(o).
5
Suppose -7*i - 18 = -2*i - 4*o, -i = -4*o + 10. Let j(z) = -4*z**2 - z + 1. Calculate j(i).
-13
Let z(f) = -5*f. Let g(v) = -6*v. Let k(s) = 6*g(s) - 5*z(s). Let j(x) = x - 6. Let i be j(5). Let y be 2 - (-1 + i + 5). What is k(y)?
11
Let j(f) = -f**2 - 7*f - 1. Let g be j(-6). Let p(m) = m - 1. Suppose 0 = -4*k + 2*k - 2. Let l(t) = 1. Let q(u) = k*p(u) + 3*l(u). Give q(g).
-1
Suppose -6*g - 9 = 15. Let a(t) be the third derivative of t**4/12 - 5*t**3/6 - 2*t**2. Calculate a(g).
-13
Let x(o) = -3*o**3 + 3*o**2 - 5*o + 13. Let q(t) = t**3 - t**2 + 3*t - 6. Let u(f) = 5*q(f) + 2*x(f). What is u(3)?
-7
Let s(q) = q + 4. Suppose -3*h = -0*h + 12, -2*h + 4 = 4*x. What is s(x)?
7
Let h(f) = 4*f**2 + 0*f**2 + 3 - 19*f + 15*f - f**3. Determine h(3).
0
Let p(g) = -2*g - 10. Suppose 6*h - 5*h = -7. What is p(h)?
4
Let q be 19/7 + 2/7. Let x(m) = 1 - m - 4*m**2 + q*m**2 - 2*m. Suppose -4*d + 10 = 22. What is x(d)?
1
Suppose -5*v + 72 = -3*v. Let o(q) = -10 - 13 + v - 20 - q. Give o(-5).
-2
Let d(v) be the third derivative of v**6/120 - v**5/12 + v**4/12 - 2*v**3/3 + 6*v**2. What is d(5)?
6
Let b(h) = h**2 - 11*h + 21. Let m be b(9). Let v(l) = -3*l - 2. What is v(m)?
-11
Suppose -q + 5*m = q + 9, 4*q - 2*m = 6. Let x(p) = -2*p + p**2 - 2*p - 3 + p + 0*p + p**q. Give x(-2).
-1
Suppose -54*a + 53*a = -6. Let u(z) = -z**2 + 8*z - 5. Determine u(a).
7
Let s(b) = -b**3 - 2*b + 1. Let n be (22/(-33))/(2/(-3)). What is s(n)?
-2
Let o(f) = 2*f**2 - 5*f - 4. Suppose 2*a = -3*w - a + 21, 3*w + a - 15 = 0. Calculate o(w).
8
Let l(k) = 2*k - 6. Let m = 25 + -19. Determine l(m).
6
Suppose 0 = 7*t - 2*t - 3*p - 5, 0 = 5*t - 4*p. Let w = 3 + 3. Let l(y) = y + 1. Let v(g) = -2*g - 1. Let o(d) = t*v(d) + w*l(d). Calculate o(4).
-6
Let d(y) = -y**3 - 8*y**2 - 6*y + 11. Let s be d(-7). Let z(u) = u**3 - 6*u**2 + 6*u - 5. Determine z(s).
-13
Let g(a) = -a**2 - 6*a - 3. Let v = 17 - 22. What is g(v)?
2
Suppose 4*u + 21 = -27. Let x = 17 + u. Let y(d) be the third derivative of d**5/60 - 5*d**4/24 + 2*d**3/3 + 2*d**2. Determine y(x).
4
Let o be (1 - 0 - 1)/1. Suppose -i = -o*i. Let v(f) be the first derivative of -f**3/3 + f**2/2 - 4*f + 1. Determine v(i).
-4
Let h(p) = p + 2. Let o(j) = -1. Let r(f) = 4*f**2 + f + 7. Let c(z) = -6*o(z) - r(z). Let s be c(-1). Let k = 2 + s. What is h(k)?
0
Let r = -7 - -5. Let d = 9 - 6. Let a be (d/r)/3*2. Let k(t) = -2*t**2 + 1. Calculate k(a).
-1
Let y(g) = 3*g - 2. Let o(r) = -1. Let x(u) = 4*o(u) - y(u). Let c be ((-8)/(-6))/(8/12). What is x(c)?
-8
Suppose -8 = 6*j - 8*j. Suppose t + b = -10, t + 2*b + j + 11 = 0. Let c(x) = x**2 + 5*x - 7. Determine c(t).
-7
Suppose -g = -2*c - 2*g - 8, -19 = 5*c + 2*g. Let i(f) = -2*f - f + 3 + 4*f**2 - 5*f**2. Calculate i(c).
3
Let l be (-4)/(-6) + (-7)/(-3). Suppose -4*q = -5*q + 3. Let r(w) = 2 + l*w + 0 - q*w + w. Calculate r(-2).
0
Let k(o) = o + 2. Let v be k(-1). Let w(t) = -10*t**2 - t. Calculate w(v).
-11
Suppose -3*v + 4*v = 2*d, 0 = -v - 3*d + 15. Suppose 0 = 3*t - v. Let a(k) = -t - 6 + k + 5. Calculate a(0).
-3
Let r(i) = -4*i + 1. Let l = 6 - 7. Calculate r(l).
5
Let n(t) = 3 - t - t + 0*t. Let b(h) = -h + 1. Let q(f) = 5*b(f) - 2*n(f). Let x be ((-135)/35 + 5)*7/2. What is q(x)?
-5
Let d(c) = -7 + 3 - c**2 + 3*c + 1. Let g be d(2). Let s(x) = -1 + 0 - 8*x + 2. Determine s(g).
9
Let y(p) = -2*p - 2. Let x be y(-3). Let k be -13 - 3/((-6)/x). Let m = -6 - k. Let h(j) = -j**2 + 4*j - 1. Calculate h(m).
-6
Let t = 54 - 59. Let c(u) = u**3 + 4*u**2 - 7*u - 5. Calculate c(t).
5
Let y(k) = -k**2 - 6. Let p(v) = v**2 - 1. Let m(b) = -5*p(b) + y(b). Give m(-1).
-7
Suppose 0 = -3*d + 12, -3*h + d = -4*d + 5. Let t(b) = b**2 - 5*b + 6 + 7 - 6. Give t(h).
7
Suppose 0*c + 20 = -4*c. Let p(a) = -44*a - 2 + 50*a + 0 + 6*a**2 + a**3. What is p(c)?
-7
Let t(l) be the third derivative of -l**4/8 - l**3/6 + 5*l**2. Give t(-3).
8
Suppose g - 4*j + 12 = 0, 2*j - 8 = 2*g - 2*j. Let d(v) = 2*v - 6. Let p(a) = -a + 3. Let i(b) = -6*d(b) - 11*p(b). Give i(g).
-1
Let f(g) = g**2 + 9*g + 9. Let b be f(-5). Let u(y) = y**2 + 10*y - 16. What is u(b)?
-5
Let j(w) = 6*w + 0*w + w**3 - 3*w**2 + 7*w - 11*w - 3. Calculate j(3).
3
Let v(j) be the second derivative of j**4/12 - j**3/6 + j**2/2 - 7*j. What is v(-2)?
7
Let z = 23 + -19. Let x(c) be the third derivative of 0*c - 1/8*c**z - 1/60*c**5 - 1/3*c**3 + c**2 + 0. What is x(-3)?
-2
Let c(a) be the second derivative of -a**4/12 - a**3 - 26*a. What is c(-4)?
8
Let s(p) be the second derivative of p**6/240 - p**4/3 - 6*p. Let c(t) be the third derivative of s(t). Calculate c(-2).
-6
Suppose 0 = 9*q - 28 + 10. Let t(a) be the first derivative of a**3/3 - a**2/2 - 2*a - 1. Give t(q).
0
Let z be (-1)/(1/6) + 1. Let u(d) = 5*d - 1. Let t = 1 + 3. Let i(n) = 6*n - 2. Let a(j) = t*i(j) - 5*u(j). Determine a(z).
2
Let b(l) = -l**3 - 5*l**2 - 4*l - 2. Let t be 1 + 3*(0 + 1). Suppose 4*q = -5*a - 4, 0 = 3*a + t*q + 3 - 7. Calculate b(a).
-2
Let z be -2 - (-1 + -1 + 1). Let m(y) = 11*y**2 - 